ite?
False
Suppose -16*r + 29*r - 6929 = 0. Is r composite?
True
Is 36922/18 - (-4 + 38/9) a prime number?
False
Suppose 5 = 2*s - 3. Is (-26)/((-1)/(14/s)) composite?
True
Let w(g) = 5*g**2 - 4*g - 6. Is w(-5) a composite number?
False
Let b = -5 - -7. Suppose -5 = 3*a + 1. Is (38/b)/(3 + a) composite?
False
Let p(y) = 2 - 2 + 2 - y. Let z be p(-5). Suppose -2*t + z*t - 445 = 0. Is t prime?
True
Suppose 0 = -2*n + 4*m + 17 + 49, 3*m - 117 = -3*n. Is n a composite number?
False
Is (-46572)/(-28) + 2/(-7) a prime number?
True
Suppose 4*x - 3*q - 252 = 0, -5*x + 0*q + 308 = -2*q. Suppose 2*m + x - 254 = 0. Is m a prime number?
True
Let r be 1*-6*(-3)/(-2). Is (1 - -266)*(-3)/r prime?
True
Suppose -872 = -10*k + 1358. Is k prime?
True
Suppose w = 4*y + 61, -3*w = -0*y - 3*y - 165. Is w prime?
True
Is -1 + (1 - 2) + 923 prime?
False
Let v = 200 - 73. Is v prime?
True
Suppose 0 = 2*s - 5*a - 2307, 0 = 3*s + s + 2*a - 4602. Is s a prime number?
True
Is (-269)/2*(2 - 6) a composite number?
True
Let n = 15 + -4. Is n a composite number?
False
Let s(n) = n**2 - 3*n + 2. Let q be s(2). Suppose -u + q*u = -2*j + 276, -2*j + 3*u = -272. Let h = -86 + j. Is h a composite number?
False
Let i be 8 - 8 - 97*-2. Suppose 2*g - i - 138 = -5*x, x = 3*g - 481. Is g a prime number?
False
Let x = 114 - 262. Let g = x + 213. Is g composite?
True
Let g = 0 + 2. Suppose 0 = -g*v + 5*f + 592, 0*f = 5*v - f - 1503. Is v prime?
False
Suppose -185 = -3*c - 5*k, -c + k + 4*k + 35 = 0. Is c prime?
False
Let x(c) = 68*c + 13. Is x(8) prime?
True
Let f(i) = i + 1. Let l be f(1). Suppose -4*b + 2*k + l = 0, 7 = -4*b + 3*b + 2*k. Suppose 36 + 63 = b*y. Is y a composite number?
True
Suppose 0 = 5*m - 3 - 7. Suppose q + 2*d + 4 = -m*d, -4*q - 3*d + 10 = 0. Is 1/((q/(-83))/(-4)) composite?
False
Let p = 10 - 6. Suppose f = 2 - p. Is 1/(-6)*f*381 a composite number?
False
Suppose -5*n - 20 = -0*n. Is (-1455)/(-9) + n/6 composite?
True
Suppose 20 = -0*n - 4*n + 4*p, 2*n + 4*p + 4 = 0. Let t be (-2410)/55 + n/22. Let s = -9 - t. Is s prime?
False
Let i(a) = 50*a**2 - 4*a + 13. Is i(3) a composite number?
True
Let g = 10 - 8. Suppose -3*k = g*k - 1955. Is k prime?
False
Suppose 655 - 133 = 6*g. Is g prime?
False
Suppose -3*p + 2*p + 4*v = -5, 4*v + 15 = 3*p. Suppose 5*j - 487 + 57 = -p*o, -4*j + o + 349 = 0. Is j prime?
False
Let m be (-1)/4 + (-57)/(-4). Let a be 21/m*8/6. Suppose 0 = -a*o + 3*o - 37. Is o prime?
True
Suppose -3*m - 85 = -4. Let w = 118 + m. Is w a composite number?
True
Let r = 0 - -141. Is r composite?
True
Suppose 4*f + 5*r = f + 85, 4*f - r = 144. Is f - 1/(2/(-4)) composite?
False
Suppose 0 = 27*t - 22*t - 2075. Is t prime?
False
Let w = 105 - 9. Suppose 3*x - 15 = w. Is x a prime number?
True
Let o(h) = h + 7. Let l be o(-7). Let a(m) = 2*m - m + l*m + 4. Is a(9) a composite number?
False
Suppose 2*h = -1 + 7. Suppose h*v - 13 = 2*v. Is v prime?
True
Let p = 25 + 79. Suppose -x + 3*x = p. Suppose 0 = 4*z - 2*j - 118, 0 = -3*z - 3*j - x + 154. Is z prime?
True
Let r(v) = -v - 5. Let i(y) = -y**3 - 7*y**2 - 7*y - 2. Let p be i(-6). Let u be r(p). Let f = 19 + u. Is f a composite number?
True
Suppose 259 = 4*l - 377. Suppose -4*w + 9*w - 20 = 0. Suppose -w*x + l = -x. Is x a composite number?
False
Suppose 0 = -0*h - 2*h + 616. Is ((-6)/(-12))/(2/h) a prime number?
False
Let t = 98 - 33. Is t composite?
True
Let z(k) be the first derivative of -2*k**2 + 3*k + 2. Is z(-4) a composite number?
False
Suppose 3*u - 85 = -2*u. Suppose 5*d = 6*d - 48. Suppose -b = -d + u. Is b a composite number?
False
Let l be 7/7 - (1 + -2). Is 2 + (l - 2) - -19 a composite number?
True
Let i(k) = k**3 + 7*k**2 + 3*k + 9. Let h be i(-7). Let j = -71 - -109. Let p = h + j. Is p prime?
False
Let d = 0 - 2. Is (6 + 301)/(d/(-6)) prime?
False
Let t be (15/(-10))/(1/(-2)). Suppose -t*r + 2*g + 139 = -235, 3*g = -3*r + 354. Is r prime?
False
Suppose 5*k - 1233 + 288 = 0. Suppose 5*b = 20, -b - 126 = -n - 30. Let s = k - n. Is s a composite number?
False
Suppose 0 = -h - 0*h + 1671. Is h composite?
True
Suppose -d = 4*d - 4*a - 2, 2*d - 3*a = -2. Is 2/(500/(-251) + d) prime?
True
Let h be (-1)/(2/(18/(-3))). Suppose h*v - 8 = -v. Is (-2)/((-4)/78) - v prime?
True
Let y(r) = r**3 + 5*r**2 - 5*r - 2. Let m be y(-6). Let i = 6 - m. Is i a composite number?
True
Let n = 162 - 65. Is n a prime number?
True
Let v be (-1)/(-2)*70/(-7). Let x(o) = -4*o**3 - 5*o**2 + 3*o - 5. Is x(v) composite?
True
Let n = -15 + 41. Suppose -2*t + n = 5*g - 204, -t = g - 43. Let q = g + 71. Is q prime?
False
Let s = -15 - -9. Is (-4)/s*9/2 prime?
True
Suppose -2*p = 2*i + p - 25, 0 = -4*i + 4*p + 20. Suppose -2*y + i = 2*y. Suppose -4*d = -3*b + 13 + 9, -4 = -b - y*d. Is b composite?
True
Suppose -10*n = -7*n - 24. Is (-21)/(1*(-12)/n) prime?
False
Let w = -356 + 613. Is w/7 + (-2)/(-7) a prime number?
True
Is 4/5 + 362/10 a prime number?
True
Let g(f) = -f**3 - 4*f**2 + f + 1. Let m be g(-4). Let q be 2/m*(-1 - 68). Suppose -y = 4*y, 3*y - q = -r. Is r a composite number?
True
Let d be 2*1*25/10. Suppose -3*s - d = 2*s. Is -1 + s - (-3 + -2) prime?
True
Let j(t) = 210*t + 2. Let r(v) = 209*v + 2. Let u(z) = -4*j(z) + 3*r(z). Is u(-1) prime?
True
Let o = -18 - -43. Let c(f) = -2*f**2 + f + 3. Let l be c(3). Let b = o + l. Is b a composite number?
False
Suppose -3*m = -4*m + 3. Is m/5 - 6448/(-20) a composite number?
True
Let t(g) = 4*g**2 + 2*g**2 + 2*g - 2*g**3 + g**2 - 7 + g**3. Is t(7) prime?
True
Let f = -29 - -60. Is f composite?
False
Let i(n) = n**3 - 3*n**2 - 3*n - n**2 - 5 + 1 + n**2. Is i(6) composite?
True
Suppose -8*r + 5*r = -393. Is r a prime number?
True
Is -331*(-3*(-3)/(-9) - 6) prime?
False
Let j(o) = o + 2. Let w be j(3). Let d = -7 + w. Is 36/(-6)*7/d a prime number?
False
Let k = 8 - 14. Let v(b) = b**2 + 5*b - 1. Let f be v(k). Suppose f*g - 160 = 285. Is g prime?
True
Suppose 3*n = -5*o + 405, 0*o = o - n - 81. Suppose 3*j - o = 12. Is j a prime number?
True
Let q be 4*2/4 - 3. Let m(v) = -3*v**3 - 2*v - 1. Let c be m(q). Is c/((-1)/(-2)*4) a prime number?
True
Let b = 1349 + -954. Is b a prime number?
False
Let n = -13 - -12. Is ((-249)/(-9))/(n/(-3)) a composite number?
False
Let s be 3/(-9) + (-25052)/(-6). Let o be (-1)/(-4) - s/(-4). Let g = -713 + o. Is g a composite number?
False
Let a be 268 + -1 - (-5 - -3). Let r = a - 114. Is r prime?
False
Let w be 7*(0 + -1 + 0). Let n = -11 - w. Let v(f) = -f**3 - 4*f**2 - 2*f - 5. Is v(n) a prime number?
True
Suppose 4*j + j = 515. Is j prime?
True
Let b = 4 + 1. Suppose h - 1317 = -b*m, m + 7*h = 4*h + 269. Is m a prime number?
True
Let d = -8 - -7. Let i be d + (-3)/(6/(-14)). Suppose 0 = -3*o + i*o - 39. Is o composite?
False
Is 0 + -2 + -1 - -296 prime?
True
Let d(c) = c**3 - 12*c**2 + 12*c - 7. Let g be d(11). Is (-6)/g - 1687/(-14) prime?
False
Let q = 10 - -62. Suppose h + h + q = 0. Let a = h - -82. Is a prime?
False
Is 11/(-44) + (-1786)/(-8) a composite number?
False
Let j = 205 - -478. Is j a composite number?
False
Let f be -1 + (250 - (0 + 0)). Let t be (-1 - f) + (-1 - -3). Is 6/18 + t/(-3) a composite number?
False
Suppose -15 = 3*w, 2*w = c - w - 406. Is c prime?
False
Suppose -5*c = 3*b - 13, 2*b + 0*b = 4*c - 28. Suppose x - 34 = -2*d, 1 = 2*x + c. Suppose 0 = -2*u - 2*h + d, 4*u + 5*h = 5 + 33. Is u composite?
False
Suppose -5 = -4*b + 3*b. Suppose -3*c - 3*j + 3 = 0, 32 = -0*c + 5*c - 4*j. Suppose 0 = -b*q + c*q + 53. Is q a prime number?
True
Suppose 0 = f - 11 + 25. Let z be (35/2)/(1/2). Let o = f + z. Is o a composite number?
True
Let b(v) be the first derivative of 5*v**3/3 + 3*v**2/2 - 4*v - 2. Let c be b(-5). Suppose 5*q - 3*q = c. Is q composite?
False
Suppose -3*x + 1192 = 5*n - 54, -x + 1001 = 4*n. Is n a prime number?
True
Suppose 0 = 2*w + 2*w - j - 8, 3*w - 1 = 2*j. Let v = 4 + w. Is v a prime number?
True
Let q be ((-4)/6)/((-6)/63). Suppose 0 = -q*p + 248 + 249. Is p prime?
True
Let i(p) = p**2 + 79. Let g = 2 - 2. Is i(g) a composite number?
False
Suppose 489 - 1374 = -5*i. Is i a composite number?
True
Let y = 19 + -4. Is y composite?
True
Let a = 602 + -295. Is a composite?
False
Let b = 1839 - -1252. Is b a prime number?
False
Let y = -570 - -306. Let h = y + 377. Is h composite?
False
Suppose -6*m = -3*